 + 2*d + 20 = 0. Let x(t) be the third derivative of -t**5/60 - t**4/12 - t**3 + t**2 - 39*t. Calculate x(d).
-21
Let z(s) = 11*s**2 + 23*s + 14. Let h(u) be the first derivative of 7*u**3/3 + 15*u**2/2 + 9*u + 16. Let v(t) = -8*h(t) + 5*z(t). What is v(-6)?
-8
Let h(v) = -5*v + 10. Let r(p) = -14*p + 29. Let s(i) = -17*h(i) + 6*r(i). Determine s(7).
11
Let v(m) = m**3 - m**2 + 2. Let w be v(0). Let z(i) = 2*i - 6*i + 2*i - i + w. Suppose 2*j = p - 12, 5*p - 3*j - 37 = -12. Give z(p).
-4
Let w(b) = -2*b - 2. Let h(u) = u**2 - 7. Let o(k) = -h(k) + 2*w(k). Suppose 0 = -5*l - 20 - 0. Give o(l).
3
Let r(z) be the second derivative of -z**8/6720 - z**7/840 - z**6/180 - z**5/60 + 5*z**4/4 - 11*z. Let c(s) be the third derivative of r(s). Determine c(-2).
2
Let h(b) be the second derivative of -b**4/12 - b**3/2 - 15*b**2/2 - 2*b + 79. Determine h(0).
-15
Let g = 9 + -19. Suppose -3*d = 3*t - 39, 5*d = 2*t - 33 - 14. Let m = t + g. Let v(k) = k**2 - 6*k + 9. Determine v(m).
9
Suppose -96 + 26 = -10*z. Let k(d) = -d**3 + 8*d**2 - 7*d + 1. Give k(z).
1
Let v = 44 + -47. Let p(b) be the second derivative of b + 0*b**2 - 1/2*b**3 - 1/12*b**4 + 0. Give p(v).
0
Suppose -5*c + 33 = 63. Let p(a) = a**2 + 6*a + 4. Determine p(c).
4
Let a(z) be the first derivative of 0*z - 1/3*z**3 + z**2 + 1/4*z**4 + 59. Give a(3).
24
Suppose -3*x = -x - 4. Let r be (-1)/x - 1/(-2). Let l(i) = 35*i + 19. Let n(p) = 79*p + 41. Let b(g) = 9*l(g) - 4*n(g). What is b(r)?
7
Let r(b) = 2*b**2 + 4*b + 10. Let q = 2101 + -2106. Determine r(q).
40
Let r(c) = 22*c**3 - c**2. Suppose -136*p + 124*p - 12 = 0. What is r(p)?
-23
Suppose -3*y - 17 = -y - 5*u, 3*y - 4*u = -15. Let l(s) be the first derivative of s**4/4 - s**3/3 + s + 102. Give l(y).
-1
Let z be (5 - 6)/((-2)/16). Suppose -3*u = -z*u + 5. Let m = u - 2. Let f(n) = -10*n. Determine f(m).
10
Suppose -2*w + 2 = -f + 9, -4*w - 2 = 2*f. Let v(g) = -g**3 + g**2 - g + 3. What is v(f)?
-18
Let s(u) = 2*u**2 + u**2 - u + 5*u**2 - 2*u - 9*u**2 - 3. What is s(-3)?
-3
Let b(m) = 6*m**2 + 3*m - 2. Suppose -4*v + v + 18 = 3*j, -v = -5*j + 24. Calculate b(v).
7
Let i(j) = 5 - 6*j**2 + j - j**3 + 6*j**2. Suppose 0 = -s + 4*c + 22, -4*c = -3*c + 4. Suppose 15 - 3 = 4*r - 4*d, r - s = 2*d. Calculate i(r).
5
Let k(c) = 9*c**3 - 17*c**2 + 19*c - 15. Let o(q) = -5*q**3 + 9*q**2 - 10*q + 8. Let x(a) = 4*k(a) + 7*o(a). Calculate x(4).
4
Let g(i) = i**3 + 7*i**2 - 6*i + 2. Let d(n) = n**3 + 3*n**2 - 4*n + 1. Let q be d(-4). Let h(f) = f**2 - f + 1. Let y(z) = q*h(z) - g(z). Give y(-7).
13
Suppose 5*b + 3*i - 12 = 6*b, -2*i - 5 = -5*b. Let a(k) = 82*k + k**2 - 43*k - 41*k - 1. Give a(b).
2
Let p be (-3)/((-6)/(-2)) - 5. Let i(c) = -2*c**3 + 11*c**2 - 13*c + 4. Let o(w) = -w**3 + 2*w**2 - 2*w + 1. Let z(y) = i(y) - 3*o(y). Give z(p).
7
Let b be (-2)/7 + -8*28/(-98). Let p(o) = 5*o - 2*o + 2 - 5*o. Calculate p(b).
-2
Suppose -3*s = -3*f, 6*s = f + 4*s - 5. Let m(a) = 3*a + 5. Determine m(f).
-10
Let b be (-6)/4 - 18/4. Let u(o) = -2*o. Let h be u(-1). Let f(w) = 10 - w**2 + w**3 - 5*w + 6*w**h - 4. Give f(b).
0
Let n(v) = -v + 15. Suppose -68*m = -74*m + 60. What is n(m)?
5
Let p(d) be the second derivative of d**3/6 - 3*d**2/2 + 45*d. Let g(j) = -1. Let t(v) = 6*g(v) - 2*p(v). Determine t(-6).
12
Let k(p) = 18*p**3 + 2*p**2 - p. Let d be k(1). Let u = d - 16. Let m(b) = -13*b**3 + 6*b**3 + 6*b**u + 7*b**2. Give m(7).
0
Let q(d) = 13*d**3 - d**2 + d. Let k(h) = h**3 + 18*h**2 - 41*h - 19. Let l be k(-20). Give q(l).
13
Let c(b) = -b**3 + 7*b**2 + 11*b - 10. Let m(g) = 2*g**3 - 13*g**2 - 23*g + 20. Let v(k) = 5*c(k) + 2*m(k). What is v(10)?
-20
Let p(w) = 27*w - 46*w + 1 - 10 + 21*w. What is p(6)?
3
Let i(q) = 3*q + 3. Let s(b) = -b + 26. Let z be s(12). Suppose -l + z = 3*c, -2*c - 3*l = -3 - 4. What is i(c)?
18
Let o(n) = -n**2 - 6*n - 8. Let l = -10 - -13. Suppose -l*a + 0*k - k = -19, a - 9 = -k. Suppose 4*x = -4*z - 24, -3*x - x - 24 = -a*z. Give o(x).
-8
Let g(i) be the third derivative of i**4/6 - i**3/2 - 8*i**2. Let p(y) = 7*y - 6. Let b(m) = -5*g(m) + 3*p(m). Determine b(-5).
-8
Let i(a) be the second derivative of 5*a**3/6 + a. Let w(v) = 2*v - 35. Let s be w(16). Let t = -4 - s. Give i(t).
-5
Let c = 185 + -189. Let g(f) = -2*f**2 - 4*f + 6. Give g(c).
-10
Let k(a) = a + 29. Let q(j) = -3*j - 112. Let c(p) = 15*k(p) + 4*q(p). Calculate c(-14).
-55
Let w(j) be the third derivative of j**4/24 - 2*j**3/3 + 40*j**2 - j. Suppose 0 = d + 2*d - 3. Let m = d + 2. What is w(m)?
-1
Suppose -125*d + 40 = -117*d. Let x(h) = -4*h + 7. Calculate x(d).
-13
Let i(p) be the third derivative of 1/10*p**5 - 1/4*p**4 + 9*p**2 + 0*p + 0 - 1/120*p**6 - 1/3*p**3. Give i(5).
-7
Let q(w) be the second derivative of w**7/840 - 11*w**6/360 + w**5/15 + 13*w**4/24 + 17*w**3/6 - 7*w. Let i(j) be the second derivative of q(j). Give i(10).
-7
Suppose -81*g + 59*g = 0. Let s(w) be the first derivative of g*w**2 + 13/3*w**3 + 6 + 0*w. Calculate s(-1).
13
Let x = 306 - 300. Let y(f) = -f**2 + 6*f - 2. Determine y(x).
-2
Suppose -38 - 12 = -3*m + k, m = 5*k + 40. Suppose -5 = -5*g + m. Let d(x) = 12*x - 12*x - g*x**2 + 1. Give d(-1).
-3
Let x(b) = b**3 - b**2 - b. Let y(d) = -4*d - 16. Let p be y(-4). Let a be 42/12*(-4)/7 + p. What is x(a)?
-10
Let s(c) = 2*c - 4. Let u(l) = -12 + 18 + 8*l - 7*l + 21. Let h be u(-20). Determine s(h).
10
Let a(k) = -k + 11. Suppose 11*g - 4*g - 7 = 0. Let i be (-2 - -1)*(-4 + g + -2). Give a(i).
6
Let j(u) = u**3 - 6*u**2 + 3*u - 5. Suppose 2*n + b = -4 - 1, -4*n + 2*b = 6. Let p be (16/4 - 0) + n + 3. Determine j(p).
-15
Let d(t) = t**3 + 5*t**2 - 6*t + 5. Let z be (-11 - 1)*2/4. Let h be d(z). Let o(k) = 8*k + 7*k - 1 + 8*k - 22*k. What is o(h)?
4
Suppose -4*x + 8 = -3*i - 14, 0 = -3*x + 5*i + 22. Let r(u) be the second derivative of -u**4/12 + 4*u**3/3 - 3*u**2/2 + 2866*u. Calculate r(x).
13
Let q(c) = 7*c**2. Suppose 57*s - 59*s = -2. What is q(s)?
7
Suppose 2*b = -2*g + 28, -g + 4 - 2 = 0. Suppose 33 = 3*m - 5*r, 3*r + b = -r. Let i(t) = 34*t**2 + 0*t - 2*t - m - 33*t**2. Calculate i(5).
9
Let x(n) be the third derivative of n**5/60 - 7*n**4/24 + n**3/6 + 94*n**2. Let b be ((-12)/15)/(2/(-5)). Let y be b + -3 + 2 - -5. Calculate x(y).
-5
Let o be (2 - 0)*14/(-4). Let g(d) = 0*d**3 - 2*d**3 - 17*d - 10 + d**3 - 44*d + 53*d - 8*d**2. Give g(o).
-3
Suppose 0 = 4*l + 4*x - 48, 8*x = -4*l + 5*x + 45. Suppose 0 = -5*q + 4 - l. Let w(k) = -7*k - 1. Calculate w(q).
6
Let i = 265 - 154. Let w(a) = 114*a - i*a - 1 + 0. Calculate w(4).
11
Let n(f) be the second derivative of f**3/6 + 5*f**2/2 + 10*f + 2. Calculate n(-6).
-1
Let m = -4 - 13. Let p = m - -12. Let x(c) = -c - 1. Determine x(p).
4
Let q(l) = -l**3 + 5*l**2 - 2*l + 6. Let j(t) = -t**3 - 2*t**2 + 2. Let x be j(-2). Let p be x + -7 - (0 + -2). Let a be (-20)/(-10) + p/(-1). Determine q(a).
-4
Let v(q) = -14*q**3 + 5*q**2 + q + 6. Let x(u) = u**3 - u**2 - 1. Let t(i) = v(i) + 6*x(i). Let s be (-4)/16 + (-30)/(-24). Determine t(s).
-8
Let m(d) = -2*d**2 + 52*d - 5. Let w be m(26). Let h(c) = -c - 1. Calculate h(w).
4
Let t(f) = -f**3 - 8*f**2 - 4*f + 26. Let s be t(-7). Let d(n) = -n**2 + 4*n + 5. What is d(s)?
0
Let t(h) be the second derivative of -h**4/12 + 4*h**3/3 - 3*h**2 - h + 16. Determine t(8).
-6
Let u(r) = r**2 + 3*r + 4. Suppose 2*c + 9 = -2*m - 1, c + 21 = -5*m. Let h be 3*c/((-4)/(-20)). Let p = h + 12. What is u(p)?
4
Let k(h) = 16 - 18*h - 2*h**3 - 41 + 5*h**2 - 21*h**2. Let g(o) = -o**3 - 8*o**2 - 9*o - 13. Let b(w) = 11*g(w) - 6*k(w). Give b(-7).
-7
Let f(u) = -2*u + 3*u + 1 - 12. Let x be (16/(-12))/(8 - (-976)/(-120)). Give f(x).
-1
Let v(y) = -y**2 - 7*y + 33. Let u be v(-14). Let q = -61 - u. Let m(n) = -4*n - 2*n**2 + n**3 - n**2 + 0*n - 4. Calculate m(q).
-4
Let w(z) = -z**2 - 10*z + 13. Suppose 0 = -11*h + 4*h + 777. Let g = -121 + h. What is w(g)?
13
Let p = 117 - 128. Let b(g) = g**3 + 11*g**2 - g - 8. Determine b(p).
3
Let a(w) = 8*w**2 - 27*w - 26. Let i(r) = 11*r**2 - 40*r - 38. Let v(y) = -7*a(y) + 5*i(y). Calculate v(-10).
2
Let o(n) be the second derivative of -n**3/3 - n**2 + 12*n. Determine o(5).
-12
Suppose -431*d + 440*d = 72. Let s(x) = 2*x**2 - 10*x - 10. Calculate s(d).
38
Suppose 89*p - 44*p + 450 = 0. Let s(l) = 2*l**2 + 22*l + 24. Determine s(